a is divided by 30?
27
Let z be 1/3 + (-10)/3. Let w(c) = -c**3 - 4*c**2 - 4*c - 1. Suppose 3*p - 3*x = -5*x - 4, -3*x - 15 = 0. Calculate the remainder when w(z) is divided by p.
0
Let j(s) = 5*s - 1. Let l = -7 - -3. Let p(h) = -4*h. Let u(d) = l*p(d) - 3*j(d). Calculate the remainder when 14 is divided by u(5).
6
Let k = 180 + -164. What is the remainder when 59 is divided by k?
11
Suppose -213 = -0*r - 3*r. Suppose 5*v + 1 = r. What is the remainder when 27 is divided by v?
13
Calculate the remainder when -2*22/(-2 - -1) is divided by 23.
21
Let f(w) = 2*w - 7. Let i be f(5). Let h(j) = j**2 + 5*j + 1. Let x be h(-6). Let p = i + x. What is the remainder when p is divided by 6?
4
Suppose 65 = 5*s - 115. Suppose -s = -3*z - 0*z. Calculate the remainder when 33 is divided by z.
9
Let x = -3 + 3. Suppose 0 = -x*w + w - 5. Suppose -w*d + 5*z = -25, -2*d = -0*z + 4*z - 28. What is the remainder when d is divided by 5?
3
Let g(s) = s**2 + s - 2. Let x be g(-4). Suppose -3*c = -x - 14. Let m = c + -5. Calculate the remainder when 4 is divided by m.
1
Suppose -2*g + 58 = -b, 4*g - 5*b - 140 = -g. Suppose -21 = -3*w + 12. What is the remainder when g is divided by w?
8
Let a(v) = v**3 - 6*v**2 - 3. Let f be a(6). What is the remainder when ((-36)/(-3))/((-2)/f) is divided by 10?
8
Let f = -61 + 118. Calculate the remainder when f is divided by 30.
27
Suppose 0 = 2*c - c - 1. Let z(s) = s**2 + 4*s - 4. What is the remainder when z(-5) is divided by c?
0
Suppose 7*d - 479 - 25 = 0. Calculate the remainder when d is divided by 25.
22
Suppose 135 = -4*n + 359. What is the remainder when n is divided by 150/8 - 2/(-8)?
18
Let k(h) = 31*h - 2. What is the remainder when k(1) is divided by 15?
14
Suppose -55 - 1 = -4*w. Suppose -m = -w + 1. Let s = m - 2. What is the remainder when 19 is divided by s?
8
Let y(b) = 2*b + 9. Let r be y(7). Suppose 3*i - 5*c - r = 0, c = i + 2*i - 31. Calculate the remainder when 31 is divided by i.
9
Suppose 2*d = -0*d + a + 3, -5*a - 9 = -4*d. What is the remainder when 34 is divided by 9/1 - (-4 + d)?
10
Let w(k) = 6*k**2 - k - 1. Let m be w(2). Suppose o - 2*o = -m. Let t = o - -1. What is the remainder when t is divided by 8?
6
Let s = 54 + -31. What is the remainder when s is divided by 13?
10
Let i = 9 + 7. Calculate the remainder when 29 is divided by i.
13
Suppose 0 = 4*g + m - 48, g + 2*m + m = 23. Let d = 9 + g. Suppose 7*q - 2*q - d = 0. Calculate the remainder when q is divided by 2.
0
Let a = -311 + 441. Suppose -2*b + a = -0*b. Let r = b - 42. Calculate the remainder when r is divided by 12.
11
Let v be (-2)/(-2)*140/4. Let j = v + -15. Suppose 45 + 250 = 5*a. Calculate the remainder when a is divided by j.
19
Let x be (-6)/(-9)*30/4. What is the remainder when x/20 + (-127)/(-4) is divided by 11?
10
Let g = -61 + 93. Let b(x) = -3*x + 0 - 2 + 1 + x. What is the remainder when g is divided by b(-6)?
10
Let d = -8 + 13. Suppose -d*r = -74 + 4. What is the remainder when 41 is divided by r?
13
Suppose -110 = -14*v + 3*v. Calculate the remainder when 68 is divided by v.
8
Let h = 25 + -12. Suppose -2*q = 3*q. Suppose 5*l - 149 - 41 = q. What is the remainder when l is divided by h?
12
Let u(h) = 4*h - 6. Let c(r) = -5*r + 13 - 4*r + r. Let m(y) = 3*c(y) + 7*u(y). What is the remainder when m(4) is divided by 7?
6
Let j(y) = -y**3 + 7*y**2 - y - 3. Let c be j(6). Let u = c + -12. Calculate the remainder when 29 is divided by u.
14
Let l(n) = n**3 - 8*n**2 + 6. Let a be l(8). Suppose -a*w + 3*w = -48. Calculate the remainder when w is divided by 6.
4
Let c(r) = 4*r**3 + 2*r**2 + 2*r - 2. Calculate the remainder when c(2) is divided by 15.
12
Suppose 0 = -d + 2*i, 2*d + 5*i - 13 = 5. Calculate the remainder when (-3)/(-2)*((-29)/(-3) - 3) is divided by d.
2
Let y be (-10)/(-25) - 12/5. Let x be (y + (0 - -2))/1. Let t = x - -3. Calculate the remainder when t is divided by 2.
1
Suppose 0 = -2*v - 3*v + 4*s + 12, -4*v = 3*s - 22. Let y be (2 - (-2 - -6))*-2. Suppose 27 = y*a - 17. What is the remainder when a is divided by v?
3
Suppose -2*b + 10 = 0, b - 2*b = -2*w + 243. Let c = w + -78. Calculate the remainder when c is divided by 12.
10
Calculate the remainder when -12 + 16 - (0 - 1) is divided by 3.
2
Let z(q) = 5*q - 6. Calculate the remainder when z(4) is divided by 4.
2
Let v(a) = -3*a + 1. Let f(l) = l. Let u(x) = -7*f(x) - 3*v(x). Calculate the remainder when 25 is divided by u(6).
7
Let y be (-30)/(1*2/(-4)). Suppose -5*c + y = 5*z, -3*c + 0*c = -4*z + 76. Suppose z = n - 12. Calculate the remainder when n is divided by 10.
8
Let h(u) = u**2. What is the remainder when 15 is divided by h(-2)?
3
Suppose -5*p + 64 = 4*s, -59 = 4*s - 7*s - p. Calculate the remainder when 37 is divided by s.
16
Suppose -1001 = -5*m - 346. What is the remainder when m is divided by 33?
32
Let o be 98 - ((-2)/(-2))/1. Suppose 0*x + 2*x = -5*d + o, 3*d - 141 = -3*x. Let y(h) = 5*h + 1. Calculate the remainder when x is divided by y(3).
14
Suppose 3*a = -m - 4*m + 24, 5*a + 4 = -m. Let s(c) = 12*c - 1. Let n = -15 + 16. Calculate the remainder when s(n) is divided by m.
5
Suppose 5*k + 152 = 562. What is the remainder when k is divided by 21?
19
Let q be 84/22 + (-8)/(-44). What is the remainder when 54 + 1 + -4 + 4 is divided by (0 + -4)*(-19)/q?
17
Let i be (-6)/(-9)*-1*-3. Suppose 0*p - 18 = -3*p. Suppose -c = -5*m + 25, -i*m - 5*c + p = -4. Calculate the remainder when 8 is divided by m.
3
Let a(f) = -2*f + 4*f**2 + 7*f + 1 + 3 - f**3. Let c be a(5). What is the remainder when 5 is divided by c/(-10)*(2 - 7)?
1
Let y(j) = 2*j**2 + 7*j + 8. Let a be y(-6). Suppose -2*b = -3*x + 20, a = 5*x + 3*b - 27. Let d = 16 - x. Calculate the remainder when 9 is divided by d.
3
Suppose 12 = -0*y + 4*y. Suppose 25 = -y*h + 67. What is the remainder when 26 is divided by h?
12
Suppose 2 = -m + 5*w, 0 = -3*m + 3*w - 2*w + 36. Calculate the remainder when 23 is divided by m.
10
Let u be (-10)/3 + (-1)/(-3). Let v = u - -7. What is the remainder when 7 is divided by v?
3
Let b(l) = -7*l - 6. Let t(y) = -6*y - 6*y + 0*y. What is the remainder when b(-4) is divided by t(-1)?
10
Let m(i) = i**3 + 10*i**2 - 10*i + 16. Let z be m(-11). Suppose j - z*l = 81, 2*j - 159 + 37 = 2*l. What is the remainder when j is divided by 19?
18
Let c = 21 - 7. Let l = 2 - -2. Suppose l*z - g - 13 = 90, -z = -g - 25. What is the remainder when z is divided by c?
12
Let y(h) = h**3 + 9*h**2 - 4*h - 13. Let o = -4 + 11. Suppose -4*a + 4*l = 52, -3*l + 2 = -2*a - o*l. Calculate the remainder when y(a) is divided by 8.
7
Suppose -102 = 2*q + 170. Let i be (-6)/(-21) - q/14. Suppose 41 = 3*f - i. What is the remainder when f is divided by 9?
8
Suppose 4*d - 5 - 66 = -5*u, 5*d - 3*u - 98 = 0. Calculate the remainder when d is divided by 11.
8
Suppose q = -4*p + 37, 3*q = 7*p - 3*p + 175. Calculate the remainder when q is divided by 11.
9
Let a = 9 - -23. Calculate the remainder when 48/a*(-76)/(-6) is divided by 11.
8
Let h(i) = 2*i**2 + 5*i + 1. Calculate the remainder when h(-5) is divided by (2 - 42/9)*(-168)/32.
12
Let x be ((-6)/5)/(4/(-10)). Suppose 0 = -i + x - 4, 3*c + 5*i = 160. Calculate the remainder when c is divided by 19.
17
Calculate the remainder when (3 + 2)*(-6)/(-15) is divided by 1.
0
Let r(k) = -k**3 + 4*k**2 + 3*k + 6. Let s be r(5). Let b(f) = 2*f**2 - 3*f + 2. What is the remainder when b(s) is divided by 12?
10
What is the remainder when 1/(7/98*(-2)/(-1)) is divided by (-38)/(-8) - (-9)/(-12)?
3
Let x = 8 + 2. Let q(i) = i**3 - 16*i**2 + 18*i - 6. What is the remainder when q(15) is divided by x?
9
Calculate the remainder when 30 is divided by (-2)/(-4)*32*1.
14
Let j(t) = 7*t**2 + 2 + 3*t**2 - 3. Let b(w) = 5*w**2 - 5*w - 5. Calculate the remainder when b(-2) is divided by j(1).
7
What is the remainder when 60 is divided by (-140)/(-16) - 2/(-8)?
6
Suppose -2*m + 3*v = -61, -3*m - 2*v - 99 = -6*m. Let x(o) = o**2 - 4*o + 7. What is the remainder when m is divided by x(5)?
11
Let b(a) = 22*a - 2. Suppose 3 = 2*y - 1. Calculate the remainder when b(y) is divided by 15.
12
Let v = 14 + -2. Let p = 23 + v. What is the remainder when p is divided by 9?
8
Let v(j) be the second derivative of 2*j - 1/2*j**2 + 1/4*j**4 + 0 - 1/6*j**3. What is the rema